{"id":5443,"date":"2017-04-25T09:25:57","date_gmt":"2017-04-25T09:25:57","guid":{"rendered":"http:\/\/aticometal.com\/?page_id=5443"},"modified":"2025-04-11T17:34:26","modified_gmt":"2025-04-11T15:34:26","slug":"servicios-industriales","status":"publish","type":"page","link":"https:\/\/aticometal.com\/?page_id=5443","title":{"rendered":"Industrial"},"content":{"rendered":"\t\t<div data-elementor-type=\"wp-page\" data-elementor-id=\"5443\" class=\"elementor elementor-5443\">\n\t\t\t\t<div class=\"elementor-element elementor-element-4491e86e e-con-full e-flex e-con e-parent\" data-id=\"4491e86e\" data-element_type=\"container\" data-settings=\"{&quot;background_background&quot;:&quot;gradient&quot;}\">\n\t\t<div class=\"elementor-element elementor-element-0bf2f6d e-con-full e-flex e-con e-child\" data-id=\"0bf2f6d\" data-element_type=\"container\" data-settings=\"{&quot;background_background&quot;:&quot;classic&quot;}\">\n\t\t\t\t<div class=\"elementor-element elementor-element-bf90257 elementor-widget__width-inherit elementor-widget elementor-widget-text-editor\" data-id=\"bf90257\" data-element_type=\"widget\" data-widget_type=\"text-editor.default\">\n\t\t\t\t<div class=\"elementor-widget-container\">\n\t\t\t\t\t\t\t\t\t<div class=\"wpb_text_column wpb_content_element \"><div class=\"wpb_wrapper\"><h2>\u00bfQu\u00e9 hacemos?<\/h2><\/div><\/div><div class=\"vc_empty_space\">\u00a0<\/div><div class=\"wpb_text_column wpb_content_element \"><div class=\"wpb_wrapper\"><h3>En nuestra carpinter\u00eda met\u00e1lica fabricamos e instalamos productos a medida<\/h3><p>\u00a0<\/p><h4>Utilizamos s\u00f3lo los mejores materiales para crear soluciones de uso industrial, comercial o dom\u00e9stico<\/h4><p>\u00a0<\/p><p>Trabajamos con empresas de todos los sectores y somos proveedores de todo tipo de productos fabricados con acero inoxidable, acero al carbono, acero Cor-ten, lat\u00f3n, PVC o paneles de Composite . Si tienes cualquier duda, ponte en contacto con nosotros, nuestro equipo estar\u00e1 encantado de facilitarte toda la informaci\u00f3n que necesites.<\/p><\/div><\/div>\t\t\t\t\t\t\t\t<\/div>\n\t\t\t\t<\/div>\n\t\t\t\t<\/div>\n\t\t\t\t<div class=\"elementor-element elementor-element-76d0e2e elementor-widget-divider--view-line elementor-widget elementor-widget-divider\" data-id=\"76d0e2e\" data-element_type=\"widget\" data-widget_type=\"divider.default\">\n\t\t\t\t<div class=\"elementor-widget-container\">\n\t\t\t\t\t\t\t<div class=\"elementor-divider\">\n\t\t\t<span class=\"elementor-divider-separator\">\n\t\t\t\t\t\t<\/span>\n\t\t<\/div>\n\t\t\t\t\t\t<\/div>\n\t\t\t\t<\/div>\n\t\t\t\t<div class=\"elementor-element elementor-element-3e7b0e7 elementor-widget elementor-widget-spacer\" data-id=\"3e7b0e7\" data-element_type=\"widget\" data-widget_type=\"spacer.default\">\n\t\t\t\t<div class=\"elementor-widget-container\">\n\t\t\t\t\t\t\t<div class=\"elementor-spacer\">\n\t\t\t<div class=\"elementor-spacer-inner\"><\/div>\n\t\t<\/div>\n\t\t\t\t\t\t<\/div>\n\t\t\t\t<\/div>\n\t\t\t\t<div class=\"elementor-element elementor-element-9d13bb1 elementor-widget elementor-widget-html\" data-id=\"9d13bb1\" data-element_type=\"widget\" data-widget_type=\"html.default\">\n\t\t\t\t<div class=\"elementor-widget-container\">\n\t\t\t\t\t<!DOCTYPE html>\r\n<html lang=\"es\">\r\n<head>\r\n    <meta charset=\"UTF-8\">\r\n    <meta name=\"viewport\" content=\"width=device-width, initial-scale=1.0\">\r\n    <title>Servicios Industriales<\/title>\r\n    <style>\r\n        .service-section {\r\n            display: grid;\r\n            grid-template-columns: repeat(2, 1fr);\r\n            gap: 20px;\r\n        }\r\n\r\n        .service-block {\r\n            padding: 25px; \/* Espacio interno a\u00f1adido a los contenedores *\/\r\n            border-radius: 10px;\r\n            box-shadow: 0px 5px 15px rgba(0, 0, 0, 0.1);\r\n            transition: transform 0.3s ease, box-shadow 0.3s ease;\r\n            text-align: center;\r\n        }\r\n\r\n        .service-block:hover {\r\n            transform: scale(1.05);\r\n            box-shadow: 0px 10px 20px rgba(0, 0, 0, 0.2);\r\n        }\r\n\r\n        .service-block.light {\r\n            background-color: #f5f5f5;\r\n        }\r\n\r\n        .service-block.dark {\r\n            background-color: #383838;\r\n            color: white;\r\n        }\r\n\r\n        .service-block.dark .service-title {\r\n            color: #fea61a; \/* Naranja para bloques oscuros *\/\r\n        }\r\n\r\n        .service-block.yellow {\r\n            background-color: #fea61a;\r\n            color: white;\r\n        }\r\n\r\n        .service-title {\r\n            font-size: 24px;\r\n            margin-bottom: 10px;\r\n        }\r\n\r\n        .service-description {\r\n            font-size: 16px;\r\n            margin-bottom: 20px;\r\n            line-height: 1.6;\r\n        }\r\n\r\n        .service-button {\r\n            display: inline-block;\r\n            text-decoration: none;\r\n            padding: 12px 25px;\r\n            border-radius: 50px;\r\n            background: linear-gradient(135deg, #fea61a, #ffcc66);\r\n            color: white;\r\n            font-weight: bold;\r\n            box-shadow: 0px 5px 15px rgba(0, 0, 0, 0.2);\r\n            transition: background-color 0.3s ease, transform 0.3s ease;\r\n        }\r\n\r\n        .service-button:hover {\r\n            transform: scale(1.1);\r\n            background: linear-gradient(135deg, #ffcc66, #fea61a); \/* Cambiar gradiente *\/\r\n            box-shadow: 0px 8px 20px rgba(0, 0, 0, 0.3);\r\n        }\r\n\r\n        \/* Media query para tablet *\/\r\n        @media (max-width: 1024px) {\r\n            .service-section {\r\n                grid-template-columns: 1fr 1fr; \/* Dos columnas en pantallas medianas *\/\r\n                gap: 15px; \/* Reducir espacio entre columnas *\/\r\n            }\r\n        }\r\n\r\n        \/* Media query para m\u00f3vil *\/\r\n        @media (max-width: 768px) {\r\n            .service-section {\r\n                grid-template-columns: 1fr; \/* Una columna en pantallas peque\u00f1as *\/\r\n                gap: 10px; \/* Reducir espacio entre bloques *\/\r\n            }\r\n        }\r\n\r\n        \/* Media query para m\u00f3viles muy peque\u00f1os *\/\r\n        @media (max-width: 480px) {\r\n            .service-section {\r\n                gap: 5px; \/* Espacio m\u00ednimo entre bloques *\/\r\n            }\r\n\r\n            .service-block {\r\n                padding: 15px; \/* Reducir a\u00fan m\u00e1s el espacio interno *\/\r\n            }\r\n        }\r\n    <\/style>\r\n<\/head>\r\n<body>\r\n<section class=\"service-section\">\r\n    <!-- Contenedor 1 -->\r\n    <div class=\"service-block light\">\r\n        <h3 class=\"service-title\">Estructuras para naves y obras<\/h3>\r\n        <p class=\"service-description\">Fabricamos e instalamos estructuras para edificios de nueva construcci\u00f3n as\u00ed como para rehabilitaci\u00f3n de edificios antiguos, reformas, etc. Utilizamos siempre materiales de la m\u00e1s alta calidad.<\/p>\r\n        <a class=\"service-button\" href=\"https:\/\/aticometal.com\/?page_id=5952\">Ver productos<\/a>\r\n    <\/div>\r\n    <!-- Contenedor 2 -->\r\n    <div class=\"service-block dark\">\r\n        <h3 class=\"service-title\">Puertas y portones<\/h3>\r\n        <p class=\"service-description\">Fabricamos puertas y portones para garajes, locales, jardines, etc. con motor, abatibles, de corredera,... Disponemos de un amplio cat\u00e1logo de puertas dom\u00e9sticas. No te pierdas nuestra selecci\u00f3n de puertas r\u00fasticas \u00a1Solicita m\u00e1s informaci\u00f3n!<\/p>\r\n        <a class=\"service-button\" href=\"https:\/\/aticometal.com\/?page_id=5911\">Ver productos<\/a>\r\n    <\/div>\r\n    <!-- Contenedor 3 -->\r\n    <div class=\"service-block dark\">\r\n        <h3 class=\"service-title\">Barandillas<\/h3>\r\n        <p class=\"service-description\">Fabricamos barandillas de distintos materiales para uso industrial, comercial o dom\u00e9stico. Dise\u00f1os modernos y personalizados que no pasar\u00e1n desapercibidos. Barandillas para zonas urbanas, barcos, terrazas, balcones, piscinas, escaleras,...<\/p>\r\n        <a class=\"service-button\" href=\"https:\/\/aticometal.com\/?page_id=5804\">Ver productos<\/a>\r\n    <\/div>\r\n    <!-- Contenedor 4 -->\r\n    <div class=\"service-block yellow\">\r\n        <h3 class=\"service-title\">Escaleras<\/h3>\r\n        <p class=\"service-description\">Fabricamos escaleras de todo tipo de materiales y totalmente a medida: de caracol, para barcos, piscinas, con pelda\u00f1os de vidrio, m\u00f3viles,... Nuestro equipo se encargar\u00e1 de realizar la instalaci\u00f3n para garantizar que el resultado es el esperado.<\/p>\r\n        <a class=\"service-button yellow\" href=\"https:\/\/aticometal.com\/?page_id=5844\">Ver productos<\/a>\r\n    <\/div>\r\n    <!-- Contenedor 5 -->\r\n    <div class=\"service-block light\">\r\n        <h3 class=\"service-title\">Rejas de seguridad<\/h3>\r\n        <p class=\"service-description\">Ponemos a tu disposici\u00f3n todo tipo de rejas de seguridad a medida utilizando s\u00f3lo los mejores materiales. Nuestro equipo se encargar\u00e1 de la instalaci\u00f3n para que el resultado sea perfecto. Fabricamos rejas totalmente personalizadas, dinos c\u00f3mo lo quieres y nosotros nos encargamos del resto.<\/p>\r\n        <a class=\"service-button\" href=\"https:\/\/aticometal.com\/?page_id=5859\">Ver productos<\/a>\r\n    <\/div>\r\n    <!-- Contenedor 6 -->\r\n    <div class=\"service-block dark\">\r\n        <h3 class=\"service-title\">Suelos de exterior<\/h3>\r\n        <p class=\"service-description\">No te pierdas nuestro amplio cat\u00e1logo de suelos especiales para zonas de exterior como piscinas, terrazas o jardines. Suelos duraderos que son la soluci\u00f3n perfecta para revalorizar espacios y darles una nueva vida \u00fatil.<\/p>\r\n        <a class=\"service-button\" href=\"https:\/\/aticometal.com\/?page_id=5972\">Ver productos<\/a>\r\n    <\/div>\r\n    <!-- Contenedor 7 -->\r\n    <div class=\"service-block dark\">\r\n        <h3 class=\"service-title\">Esculturas y letreros<\/h3>\r\n        <p class=\"service-description\">Fabricamos originales y resistentes esculturas que perdurar\u00e1n en el tiempo, adem\u00e1s de instalarlos en los lugares m\u00e1s inaccesibles. Solicita informaci\u00f3n acerca de nuestros llamativos letreros que, sin duda, no pasar\u00e1n desapercibidos.<\/p>\r\n        <a class=\"service-button\" href=\"https:\/\/aticometal.com\/?page_id=5875\">Ver productos<\/a>\r\n    <\/div>\r\n    <!-- Contenedor 8 -->\r\n    <div class=\"service-block yellow\">\r\n        <h3 class=\"service-title\">Cierres, escaparates, c\u00fapulas y ventanas<\/h3>\r\n        <p class=\"service-description\">Fabricamos e instalamos cierres, escaparates, p\u00e9rgolas para jardines, mamparas, cubiertas para piscinas, c\u00fapulas, techos y ventanas a medida para todo tipo de espacios. Utilizamos materiales de la m\u00e1s alta calidad para lograr unos acabados impecables.<\/p>\r\n        <a class=\"service-button yellow\" href=\"https:\/\/aticometal.com\/?page_id=5885\">Ver productos<\/a>\r\n    <\/div>\r\n    <!-- Contenedor 9 -->\r\n    <div class=\"service-block light\">\r\n        <h3 class=\"service-title\">Toldos<\/h3>\r\n        <p class=\"service-description\">Fabricamos e instalamos toldos que se adaptan a cualquier espacio: toldos para ventanas, terrazas, establecimientos, con brazo motorizado, para carpas, etc. Nuestro equipo se asegurar\u00e1 de que el resultado se ajusta realmente a lo que necesitas.<\/p>\r\n        <a class=\"service-button\" href=\"#\">Ver productos<\/a>\r\n    <\/div>\r\n    <!-- Contenedor 10 -->\r\n    <div class=\"service-block dark\">\r\n        <h3 class=\"service-title\">Y adem\u00e1s...<\/h3>\r\n        <p class=\"service-description\">Fabricamos casi cualquier cosa que necesites: piezas para barcos, infraestructura agropecuaria, guardieros de seguridad, parachoques para coches, encimeras, barbacoas...<\/p>\r\n        <a class=\"service-button\" href=\"https:\/\/aticometal.com\/?page_id=5966\">Ver productos<\/a>\r\n    <\/div>\r\n<\/section>\r\n\r\n\r\n<\/body>\r\n<\/html>\r\n\r\n        \t\t\t\t<\/div>\n\t\t\t\t<\/div>\n\t\t\t\t<\/div>\n\t\t<div class=\"elementor-element elementor-element-39775da e-flex e-con-boxed e-con e-parent\" data-id=\"39775da\" data-element_type=\"container\">\n\t\t\t\t\t<div class=\"e-con-inner\">\n\t\t\t\t<div class=\"elementor-element elementor-element-af0d51c elementor-widget-divider--view-line elementor-widget elementor-widget-divider\" data-id=\"af0d51c\" data-element_type=\"widget\" data-widget_type=\"divider.default\">\n\t\t\t\t<div class=\"elementor-widget-container\">\n\t\t\t\t\t\t\t<div class=\"elementor-divider\">\n\t\t\t<span class=\"elementor-divider-separator\">\n\t\t\t\t\t\t<\/span>\n\t\t<\/div>\n\t\t\t\t\t\t<\/div>\n\t\t\t\t<\/div>\n\t\t\t\t\t<\/div>\n\t\t\t\t<\/div>\n\t\t\t\t<\/div>\n\t\t","protected":false},"excerpt":{"rendered":"<p>\u00bfQu\u00e9 hacemos? \u00a0 En nuestra carpinter\u00eda met\u00e1lica fabricamos e instalamos productos a medida \u00a0 Utilizamos s\u00f3lo los mejores materiales para [&hellip;]<\/p>\n","protected":false},"author":2,"featured_media":0,"parent":0,"menu_order":0,"comment_status":"closed","ping_status":"closed","template":"elementor_header_footer","meta":{"site-sidebar-layout":"default","site-content-layout":"","ast-site-content-layout":"","site-content-style":"default","site-sidebar-style":"default","ast-global-header-display":"","ast-banner-title-visibility":"","ast-main-header-display":"","ast-hfb-above-header-display":"","ast-hfb-below-header-display":"","ast-hfb-mobile-header-display":"","site-post-title":"","ast-breadcrumbs-content":"","ast-featured-img":"","footer-sml-layout":"","theme-transparent-header-meta":"","adv-header-id-meta":"","stick-header-meta":"","header-above-stick-meta":"","header-main-stick-meta":"","header-below-stick-meta":"","astra-migrate-meta-layouts":"default","ast-page-background-enabled":"default","ast-page-background-meta":{"desktop":{"background-color":"var(--ast-global-color-5)","background-image":"","background-repeat":"repeat","background-position":"center center","background-size":"auto","background-attachment":"scroll","background-type":"","background-media":"","overlay-type":"","overlay-color":"","overlay-opacity":"","overlay-gradient":""},"tablet":{"background-color":"","background-image":"","background-repeat":"repeat","background-position":"center center","background-size":"auto","background-attachment":"scroll","background-type":"","background-media":"","overlay-type":"","overlay-color":"","overlay-opacity":"","overlay-gradient":""},"mobile":{"background-color":"","background-image":"","background-repeat":"repeat","background-position":"center center","background-size":"auto","background-attachment":"scroll","background-type":"","background-media":"","overlay-type":"","overlay-color":"","overlay-opacity":"","overlay-gradient":""}},"ast-content-background-meta":{"desktop":{"background-color":"var(--ast-global-color-4)","background-image":"","background-repeat":"repeat","background-position":"center center","background-size":"auto","background-attachment":"scroll","background-type":"","background-media":"","overlay-type":"","overlay-color":"","overlay-opacity":"","overlay-gradient":""},"tablet":{"background-color":"var(--ast-global-color-4)","background-image":"","background-repeat":"repeat","background-position":"center center","background-size":"auto","background-attachment":"scroll","background-type":"","background-media":"","overlay-type":"","overlay-color":"","overlay-opacity":"","overlay-gradient":""},"mobile":{"background-color":"var(--ast-global-color-4)","background-image":"","background-repeat":"repeat","background-position":"center center","background-size":"auto","background-attachment":"scroll","background-type":"","background-media":"","overlay-type":"","overlay-color":"","overlay-opacity":"","overlay-gradient":""}},"footnotes":""},"class_list":["post-5443","page","type-page","status-publish","hentry"],"aioseo_notices":[],"_links":{"self":[{"href":"https:\/\/aticometal.com\/index.php?rest_route=\/wp\/v2\/pages\/5443","targetHints":{"allow":["GET"]}}],"collection":[{"href":"https:\/\/aticometal.com\/index.php?rest_route=\/wp\/v2\/pages"}],"about":[{"href":"https:\/\/aticometal.com\/index.php?rest_route=\/wp\/v2\/types\/page"}],"author":[{"embeddable":true,"href":"https:\/\/aticometal.com\/index.php?rest_route=\/wp\/v2\/users\/2"}],"replies":[{"embeddable":true,"href":"https:\/\/aticometal.com\/index.php?rest_route=%2Fwp%2Fv2%2Fcomments&post=5443"}],"version-history":[{"count":63,"href":"https:\/\/aticometal.com\/index.php?rest_route=\/wp\/v2\/pages\/5443\/revisions"}],"predecessor-version":[{"id":6892,"href":"https:\/\/aticometal.com\/index.php?rest_route=\/wp\/v2\/pages\/5443\/revisions\/6892"}],"wp:attachment":[{"href":"https:\/\/aticometal.com\/index.php?rest_route=%2Fwp%2Fv2%2Fmedia&parent=5443"}],"curies":[{"name":"wp","href":"https:\/\/api.w.org\/{rel}","templated":true}]}}